se 8, what is 17046 - 1?
17045
In base 16, what is -16 + -2?
-18
In base 13, what is -5 - 3a54?
-3a59
In base 12, what is 357 - -2?
359
In base 5, what is 22 + 4?
31
In base 6, what is -1220 + -23?
-1243
In base 12, what is 375 - 0?
375
In base 11, what is 12a0 - -5?
12a5
In base 11, what is 117 - -13?
12a
In base 14, what is 2 + -562?
-560
In base 2, what is 11001 + 110010100?
110101101
In base 5, what is -202 - 32?
-234
In base 10, what is 2 + 2?
4
In base 9, what is 324 - 4?
320
In base 10, what is -3 - -314?
311
In base 8, what is -424 + 5?
-417
In base 15, what is 1 + 20?
21
In base 9, what is 5 + 186?
202
In base 15, what is -12 - -4c0?
4ad
In base 5, what is -3 + 1330?
1322
In base 12, what is -2 - -544?
542
In base 4, what is 1 + -1332?
-1331
In base 7, what is 13420 + 5?
13425
In base 6, what is 22 + -20?
2
In base 5, what is 10 - -104?
114
In base 4, what is -20 - 13?
-33
In base 12, what is -2 - 141?
-143
In base 11, what is -10a - -13?
-a7
In base 14, what is 1a3 - 1?
1a2
In base 7, what is -1 + 1421?
1420
In base 3, what is 10102 - 0?
10102
In base 3, what is -12 + -10121100?
-10121112
In base 2, what is -1000000011 + 11?
-1000000000
In base 13, what is 15 - c4?
-ac
In base 13, what is 260c + 2?
2611
In base 11, what is 1 + 16?
17
In base 14, what is 7 - 6c?
-65
In base 13, what is 7 + 244?
24b
In base 8, what is -310 - 15?
-325
In base 12, what is 16 + 79?
93
In base 13, what is 19 + 2?
1b
In base 15, what is -2 + 197e?
197c
In base 14, what is -1 - -37?
36
In base 10, what is 5 - 28?
-23
In base 9, what is -2 + 180?
177
In base 6, what is -12 - -14?
2
In base 4, what is 31222 - 20?
31202
In base 3, what is 1 - -20022?
20100
In base 15, what is 229 - 2?
227
In base 6, what is 2 - -122?
124
In base 4, what is 110021 + -12?
110003
In base 14, what is bd + -5b?
62
In base 7, what is 10 + -34?
-24
In base 3, what is -12 - 121?
-210
In base 6, what is -52450 - 3?
-52453
In base 13, what is 1628 + 5?
1630
In base 12, what is -7187 + -5?
-7190
In base 12, what is 12092 + 3?
12095
In base 10, what is 5 + 1275?
1280
In base 3, what is 2202 - 1?
2201
In base 7, what is 10 - 6?
1
In base 10, what is 91 - -39?
130
In base 2, what is -1100010 - -1?
-1100001
In base 4, what is -10 - 1002?
-1012
In base 7, what is -10 + -4355?
-4365
In base 10, what is 16868 - -4?
16872
In base 14, what is -5 - cc?
-d3
In base 6, what is -2 - 4131?
-4133
In base 6, what is 1005 + 4?
1013
In base 13, what is b - 73?
-65
In base 6, what is -1 - -45?
44
In base 9, what is 3 - 36?
-33
In base 15, what is -c8 + -3?
-cb
In base 2, what is -101 + -1110010110?
-1110011011
In base 5, what is -20 + -140?
-210
In base 2, what is -1 + -1101?
-1110
In base 15, what is -18 + -2ae?
-2c7
In base 2, what is 0 + -1010100101?
-1010100101
In base 15, what is 6c7 + -2?
6c5
In base 8, what is -1 - -21?
20
In base 4, what is -21 + -1031?
-1112
In base 15, what is 1 - -4?
5
In base 4, what is 1311022 - 11?
1311011
In base 9, what is -16 - 35?
-52
In base 9, what is 83 - -4?
87
In base 14, what is -31 - 3?
-34
In base 12, what is -2 - 188?
-18a
In base 14, what is -2 - -12?
10
In base 13, what is 168 + -4?
164
In base 16, what is -1 + -11?
-12
In base 14, what is 169 - -7?
172
In base 8, what is 262 - -5?
267
In base 9, what is -3 - 246?
-250
In base 13, what is 5 - c0?
-b8
In base 14, what is 0 - 83?
-83
In base 7, what is 4 + 156?
163
In base 5, what is -2141 - -121?
-2020
In base 9, what is -22 + 11?
-11
In base 11, what is -519 + -a?
-528
In base 3, what is 11 + 222?
1010
In base 2, what is 11111000101 + 10?
11111000111
In base 16, what is 4 - -841?
845
In base 10, what is 3 + -73?
-70
In base 8, what is 1 + 140?
141
In base 12, what is 13769 + 1?
1376a
In base 5, what is -10 - 43313?
-43323
In base 7, what is -3 - 14022?
-14025
In base 11, what is -73 + -5?
-78
In base 16, what is a - 3b?
-31
In base 2, what is -1001001 + 10?
-1000111
In base 9, what is -4 + 25?
21
In base 4, what is 20023 - -1?
20030
In base 12, what is 14 - -2?
16
In base 9, what is -30 + 142?
112
In base 12, what is -4 - -a63?
a5b
In base 16, what is 3b5 - -1?
3b6
In base 15, what is -a - 3db?
-3e6
In base 5, what is 3023130 + 3?
3023133
In base 5, what is 1 + 3?
4
In base 12, what is -80 - -a?
-72
In base 9, what is -3 + -4476?
-4480
In base 11, what is -221 - -a?
-212
In base 14, what is -1 - 20?
-21
In base 15, what is 198 + -2?
196
In base 16, what is -c - -3?
-9
In base 14, what is 5 - 19?
-14
In base 12, what is 4 + 57?
5b
In base 7, what is -36 - 13?
-52
In base 10, what is 0 + -4347?
-4347
In base 16, what is 3 + -84?
-81
In base 14, what is 13 - -213?
226
In base 6, what is 3330 - 0?
3330
In base 14, what is 10d + -39?
b4
In base 13, what is -20a - -7?
-203
In base 16, what is 16 + -128?
-112
In base 15, what is -24 - 218?
-23c
In base 10, what is -9 + 3?
-6
In base 12, what is -14 - a3?
-b7
In base 14, what is 468 - -2?
46a
In base 16, what is 3 + c6?
c9
In base 2, what is -100110010 + 10100?
-100011110
In base 4, what is 2200 - 32?
2102
In base 12, what is 27 + -19?
a
In base 8, what is 14 - -36?
52
In base 5, what is 2424 - -2?
2431
In base 7, what is -534 - -2?
-532
In base 4, what is 1321 - -23?
2010
In base 11, what is -45 - -2?
-43
In base 12, what is 2583 - 2?
2581
In base 6, what is -444 - -10?
-434
In base 10, what is -2379 - -1?
-2378
In base 5, what is 232 + -2?
230
In base 11, what is -795a - -5?
-7955
In base 7, what is 40 - -2?
42
In base 12, what is 501 + -4?
4b9
In base 11, what is -19 + 252?
234
In base 16, what is 2 + -bf?
-bd
In base 12, what is -1134b - -4?
-11347
In base 16, what is 31 - -13?
44
In base 11, what is 1031 + -2?
102a
In base 4, what is 203031 - 10?
203021
In base 5, what is 110 - -2213?
2323
In base 8, what is -131 - 21?
-152
In base 12, what is 208 + -1b?
1a9
In base 14, what is 2 + -217?
-215
In base 11, what is -1 + -a?
-10
In base 9, what is -4 - -78?
74
In base 14, what is -17 - -8b?
74
In base 12, what is 1a7 + -1?
1a6
In base 6, what is -130 - -4?
-122
In base 6, what is -5 + 35?
30
In base 11, what is -13 + -76?
-89
In base 10, what is -24 - 5?
-29
In base 12, what is 5 + 29?
32
In base 13, what is 4b + -2?
49
In base 14, what is -97 + 2b?
-6a
In base 9, what is 3 - 12?
-8
In base 9, what is 576 - 5?
571
In base 16, what is 48 + -8?
40
In base 9, what is 2 + -15?
-13
In base 13, what is -4b + 3?
-48
In base 10, what is -3 + -742?
-745
In base 12, what is -29 - -6?
-23
In base 2, what is -111000 + 11010?
-11110
In base 9, what is -746 - -3?
-743
In base 9, what is 3 - -565?
568
In base 4, what is -323100 + -3?
-323103
In base 7, what is -3 + 250?
244
In base 12, what is 4 + -6?
-2
In base 4, what is 112103 - 11?
112032
In base 5, what is 2 + 31?
33
In base 3, what is -102200 - -1?
-102122
In base 16, what is 13 - 2?
11
In base 14, what is -b6 - 4?
-ba
In base 16, what is -3 - -28e?
28b
In base 16, what is -136 + -5?
-13b
In base 5, what is 12 - 10023?
-10011
In base 12, what is 18 + 20?
38
In base 10, what is 4 - -369?
373
In base 10, what is 1 + 1066?
1067
In base 11, what is -14 - 231?
-245
In base 7, what is 154566 - 2?
154564
In base 14, what is 1 - -24b5?
24b6
In base 10, what is 3 - -1?
4
In base 12, what is -1a - 44?
-62
In base 12, what is -8 - 13?
-1b
In base 6, what is -54 + -54?
-152
In base 10, what is -5 + 340?
335
In base 7, what is -240 - -3?
-234
In base 16, what is -5 - -f?
a
In base 14, what is -1b - -17?
-4
In base 16, what is -289 + 5?
-284
In base 14, what is 13 + 34?
47
In base 11, what is 26 + 2?
28
In base 15, what is -9 - -64?
5a
In base 11, what is -2543 + 1?
-2542
In base 9, what is 172 + -14?
157
In base 7, what is 23 - 453?
-430
In base 8, what is -5 + -1333?
-1340
In base 16, what is efc - 2?
efa
In base 16, what is 304 + 4?
308
In base 14, what is -2 - -632?
630
In base 14, what is 5 + -98?
-93
In base 16, what is 1 - -1852?
1853
In base 4, what is -302 - 0?
-302
In base 10, what is 7 + -455?
-448
In base 15, what is 3 + -14?
-11
In base 15, what is -1 - -d6?
d5
In base 12, what is -4 - -592?
58a
In base 14, what is -3db - -2?
-3d9
In base 2, what is 1110000 + -100?
1101100
In base 3, what is -1021 - 1?
-1022
In base 3, what is -22 + -101?
-200
In base 8, what is -3776 - 0?
-3776
In base 5, what is 4 + 14?
23
In base 7, what